inder when 9 is divided by k(f).
4
Suppose 0 = -m - 5, -m - 129 = -2*c - 14. Suppose z + 202 = 230. What is the remainder when c is divided by z?
27
Calculate the remainder when 49 is divided by 19 + 2 - 3 - (0 + -1).
11
What is the remainder when (-17)/(-1) + (0 - 3) is divided by 8?
6
Let u(a) = -15*a - 17. What is the remainder when u(-4) is divided by 10?
3
Let o = -406 + 419. Let f(r) = -2*r**2 + 5*r - 1. Let w be f(4). Let t = w + 37. Calculate the remainder when t is divided by o.
11
Suppose 4*a - 8 = -0. Let q = 4 + a. What is the remainder when 17 is divided by q?
5
Let p = 17 - 16. What is the remainder when 2 is divided by p?
0
Suppose -4*u = 4*p + 3 - 103, -3*p - 41 = -u. Let s = u - 12. Calculate the remainder when s is divided by 8 + (2 - 5 - -1).
5
Suppose 4*z + z = 20. Calculate the remainder when 34*(-4)/z*-1 is divided by 12.
10
Suppose 4*h + 47 = 3*j + 15, -3*h = 6. Let m = -7 + j. Calculate the remainder when m/(-1) + (2 - -30) is divided by 11.
9
Let a(m) = -m**3 + m**2 + 16. Let s(i) = -i - 8. Let g be s(-8). Let y(q) = 6*q**3 - q**2 + 1. Calculate the remainder when a(g) is divided by y(1).
4
Let b = 1 - 1. Suppose -5*k + 7 = -13. Suppose k*x = -16, b = -f - 3*x - 7 - 2. What is the remainder when 4 is divided by f?
1
Suppose -a + 31 = 24. What is the remainder when a is divided by 4?
3
Let m = -4 - -5. Let y = m + 26. What is the remainder when 78 is divided by y?
24
Let r be 1 - (-13 + -2 + 1). Calculate the remainder when 41/5 + (-3)/r is divided by 5.
3
Suppose -32*k + 29*k + 177 = 0. What is the remainder when k is divided by 30?
29
Suppose 5*v - 114 = 2*v. Calculate the remainder when v is divided by 10.
8
Suppose 0 = 9*z - 13*z + 80. Calculate the remainder when 58 is divided by z.
18
Suppose -5*c = 3*m - 146, 2*m - 52 = 5*c + 12. What is the remainder when m is divided by 11?
9
Suppose 3*k - 15 = 3. Let x be (-1)/(-3) + (-2)/k. Suppose 3*r - r = 5*g - 73, 3*g + 4*r - 49 = x. What is the remainder when 28 is divided by g?
13
Suppose 0 = -4*w - 5*n + 1033, 3*n = n + 10. Suppose 6*c - 270 = c + 4*r, -4*c = 4*r - w. What is the remainder when c is divided by 15?
13
Let n(k) = -k**3 + 9*k**2 + 2. Let j be n(9). Let q = j + 20. Suppose 5*t - 99 = 3*z - 24, t + 8 = -4*z. Calculate the remainder when q is divided by t.
10
Suppose 4*w = 5*j + 24, 2*j + 5*w = -16 - 20. Let u = 8 + j. Suppose -o - 3*o + 32 = u. Calculate the remainder when o is divided by 3.
2
Let d(b) = b**3 - 3*b**2 + b - 1. Let z be d(3). Suppose 76 = 3*w - 4*a - 7, -z*w - 2*a = -46. What is the remainder when 49 is divided by w?
24
Let v = 48 - 29. Let r = -3 - -5. Calculate the remainder when v is divided by ((-11)/(-2) - r)*2.
5
Let f(y) = 2 + 11 + 7*y - 22. Calculate the remainder when 73 is divided by f(4).
16
Let n = -21 + 32. What is the remainder when (-494)/(-12) + (-4)/24 is divided by n?
8
Suppose 5*q - 8 - 1 = -4*g, -2*g - 28 = -4*q. Let m be 1/q + (-61)/5. Calculate the remainder when (-157)/(-4) - 9/m is divided by 21.
19
Let s = 5 + -1. Let r = -1 + s. Suppose 0 = -3*t - 2*t - 2*y + 37, r*y - 15 = -3*t. Calculate the remainder when 25 is divided by t.
7
Let w(n) = -2*n + 6. Let s be (-72)/(-10)*(-10)/3. Let b = 6 - s. What is the remainder when b is divided by w(-5)?
14
Suppose 4*n + 0*n = 68. Suppose v - 24 = -3*v. Let a(u) = 7*u + 8. What is the remainder when a(v) is divided by n?
16
Suppose -4*m - 5*f - 155 = 0, -5*m + 30 = 4*f + 226. Suppose 5*t + 2 = 2*k + 2*k, -k - 8 = 3*t. What is the remainder when 22 is divided by (t/(-5))/((-2)/m)?
6
Let p be 72/28*7*1. Let s = p + -11. What is the remainder when 18 is divided by s?
4
Let j(q) = -2*q**2 - 25*q - 11. Let o(r) = r**3 + 10*r**2 - 4*r + 3. What is the remainder when o(-10) is divided by j(-11)?
21
Let a(r) = -7*r - 3. Let b(x) = 15*x + 5. Let s(l) = 9*a(l) + 4*b(l). What is the remainder when 66 is divided by s(-8)?
15
Suppose 83 = 4*a + 15. What is the remainder when 50 is divided by a?
16
Suppose q - 2*t = 13, t - 20 - 21 = -2*q. Calculate the remainder when 74 is divided by q.
17
Suppose 3*q = q + 28. Calculate the remainder when 52 is divided by q.
10
Let s = 1 - 0. Let j be 4/(-20) - (-148)/(-10). Let v = s - j. Calculate the remainder when 31 is divided by v.
15
Let r(i) be the third derivative of i**5/60 - 5*i**4/24 - i**3/6 - 2*i**2. Suppose 0 = -5*h + 34 + 1. Calculate the remainder when 37 is divided by r(h).
11
Suppose 0*n - 236 = -2*n. Let u be (1 + -7)/(-3) + 4. Calculate the remainder when n/6 - (-2)/u is divided by 7.
6
Suppose -40*k + 39*k + 23 = 0. Calculate the remainder when k is divided by 4.
3
Let h(s) = -s**3 - 5*s**2 + 5*s + 4. Calculate the remainder when (-2)/3 + (295/15 - 0) is divided by h(-6).
9
Let t(m) = -m**2 + 2*m + 3. Let z be t(3). Suppose z*f - 6 = -2*f. What is the remainder when f is divided by 2?
1
Let d = -13 + 22. Calculate the remainder when 14 is divided by d.
5
What is the remainder when 40 is divided by 3 + (4 - 12/(-3))?
7
Suppose 4*f + f = 50. Let q = 56 + 1. Suppose -q = -2*u - 1. What is the remainder when u is divided by f?
8
Suppose -678 + 51 = -3*t. What is the remainder when t is divided by 42?
41
Let j = -4 + 47. Let n = 51 - 36. Calculate the remainder when j is divided by n.
13
Suppose 3*x - 35 = 1. Let a = x + 5. Calculate the remainder when a is divided by 5.
2
Calculate the remainder when 12 is divided by 92/20 + (-4)/(-10).
2
Suppose 0 = 6*u - 5*u - 6. Suppose b + 100 = u*b. What is the remainder when b is divided by 6?
2
Let d = 18 - -5. What is the remainder when 44 is divided by d?
21
Let v = 62 - 35. Calculate the remainder when v is divided by 15.
12
Suppose -o + 2*f = -34 - 8, -3*f + 117 = 3*o. Let t be (4/(-3))/(12/(-27)). Suppose -o = t*x - 5*x. Calculate the remainder when x is divided by 11.
9
Let c(d) = d**3 + 6*d**2 - d + 1. Let u be c(-6). Suppose -4*f - 12 = 0, -o + 5*f + 23 = -u. What is the remainder when 28 is divided by o?
13
Calculate the remainder when 30 is divided by -1 + 0 + 4 + 8.
8
Let n = -102 - -148. What is the remainder when n is divided by 14?
4
Suppose 0 = -4*q - 5*u + 23, -4 = -3*q - 5*u + 7. Calculate the remainder when q is divided by 7.
5
Suppose 103*m = 101*m + 28. What is the remainder when 36 is divided by m?
8
Suppose 0*q + 3*j = -4*q + 12, -4*j = 5*q - 16. Suppose q = -2*p + p - 53. Let x = 78 + p. Calculate the remainder when x is divided by 9.
7
Suppose 8 = -2*t + 6*t. Suppose -4*c + 56 = -t*c. What is the remainder when c is divided by (3 - 3) + 1 + 9?
8
Suppose 0 = x - 4*i - 14, 3*x + 2*i = 4*i + 52. Suppose 4*s - 3*d = 217, 25 = 3*s - 2*d - 137. What is the remainder when s is divided by x?
16
Suppose 3*v = 2*v + 18. Let z be (12/(-8))/(1/(-2)). What is the remainder when v is divided by z + (-2)/((-2)/7)?
8
Suppose 0*m + g = -3*m + 118, 2*g - 8 = 0. Let w be m/12 + 2/(-12). Suppose 7*v - w*v = 92. What is the remainder when 68 is divided by v?
22
Let y(l) = -l**2 + 17*l - 22. Calculate the remainder when 36 is divided by y(15).
4
Let n(q) be the first derivative of q**4/4 - 3*q**3 + 9*q**2/2 - 5*q - 5. Let h(c) = -c**2 + 6*c. What is the remainder when h(5) is divided by n(8)?
2
Let y = 16 + 0. Let o = -25 - -55. Calculate the remainder when o is divided by y.
14
Let m be (9/(-4))/((-48)/(-128)). Let a = 25 - 13. Calculate the remainder when 35 is divided by (-1 + m)*a/(-7).
11
Let k(u) = 4*u**2 + 2*u + 4. Let l(g) = -g**3 - 7*g**2 - 9*g - 6. Let p(o) = -2*o + 2. Let q be p(4). What is the remainder when k(-3) is divided by l(q)?
10
Let n be ((-16)/(-20))/(2/5). Suppose 0*o = -4*o + 56. Calculate the remainder when o is divided by 2 - (-10)/n - 2.
4
Let v = 0 + 1. What is the remainder when 7 is divided by v*(4 - 0/1)?
3
Let j = -4 - -11. Calculate the remainder when 27 is divided by j.
6
Suppose 328 = 5*g - 1107. Calculate the remainder when g is divided by 36.
35
Suppose -8 = 2*k + 8. Calculate the remainder when (116/(k/(-2)))/1 is divided by 8.
5
Let a(i) = 2*i - 11. Let w be a(5). Let n(o) = o**2 - 2*o + 1. Let y be n(2). What is the remainder when 8*w*(-3)/y is divided by 9?
6
Let j = 2 - 2. Suppose j = a + 4 - 30. Let h(i) = i**2 - 6*i + 9. Calculate the remainder when a is divided by h(6).
8
Suppose 3*y - 13 = -k, -3*k + 31 = k + 5*y. Suppose 0*z = 5*z - 30. What is 